ctor of a and 11?
11
Let l(x) = 6*x**2 - x. Let j be l(3). Let i be (-3 + j)/4 + -2. Suppose -2*w = -3*w + 10. What is the highest common divisor of i and w?
10
Let m(s) = 5*s - 2. Let w be m(2). Calculate the highest common divisor of 32 and w.
8
Let l(n) = n - 1. Let v be l(3). Calculate the greatest common divisor of 4 and v.
2
Let q(p) = -47*p - 5. Let a be q(5). Let n be ((-2)/4)/(4/a). What is the highest common divisor of 75 and n?
15
Let d(n) = n**3 - 6*n**2 + 6*n - 2. Let z be d(5). Let s = -25 + 29. Suppose -s*q = 2 + 10, -147 = -z*r + 4*q. Calculate the highest common factor of r and 18.
9
Suppose -8 - 36 = -4*k. Let h = k - 1. Let f = h + 54. What is the greatest common divisor of 8 and f?
8
Let w(i) = -4*i**2 - i - 1. Let u be w(-1). Let r be (1 - 0) + (69 - u). Suppose 0 = -4*a + 70 + r. Calculate the highest common factor of a and 9.
9
Let n be (0 + 1)*(1 - -1). Let b(z) = z**3 + 16*z**2 + 14*z - 13. Let q be b(-15). What is the greatest common factor of q and n?
2
Let y = -5 + 17. Calculate the highest common factor of y and 132.
12
Let u be ((-14)/6)/(2/(-18)). Let h = 13 + -6. What is the greatest common divisor of u and h?
7
Suppose 309 = -6*b + 1749. What is the greatest common divisor of 30 and b?
30
Let r(d) = d**2 - 1. Let n be r(-5). Calculate the greatest common divisor of 36 and n.
12
Let l(c) = -c**2 + 11*c. Let n be l(6). Suppose -5*t + 3 = -57. Let g = t + -2. Calculate the highest common factor of g and n.
10
Suppose -15*x + 666 = 3*x. What is the greatest common divisor of x and 185?
37
Let j = 411 + -52. Let p = -548 + j. Let a = p + 299. What is the highest common divisor of 10 and a?
10
Suppose -5*u = u - 30. What is the highest common divisor of 35 and u?
5
Suppose 2*g - 35 = -13. Let f = -5 + g. Let z = 29 - 23. What is the greatest common divisor of f and z?
6
Suppose 2*m + 16 = r - 0*m, 5*r - 3*m - 87 = 0. Let o = 30 - 18. What is the highest common factor of o and r?
6
Let f(l) = 2*l + 4. Let g be f(-3). Let v be (3 + g)*(-15)/(-1). Let w = -199 + 364. What is the greatest common divisor of w and v?
15
Let u be 4/14*196/56. Suppose 0 = -2*p + 5*n - 11, 5*n - 13 - 12 = 0. Let y be ((-2)/(-7))/(u/p). Calculate the greatest common divisor of 14 and y.
2
Let y = 25 + -8. Let w(f) = 15*f**2 + 1. Let g be w(6). Suppose p - 177 = -0*k - 2*k, 3*p + 4*k = g. Calculate the greatest common factor of y and p.
17
Let f(t) = -7*t**3 + t + 2. Suppose 4*m = -0*m - 8. Let w be f(m). What is the highest common factor of w and 7?
7
Let j(a) = -16*a + 9. Let w be j(4). Let v = w + 153. What is the highest common factor of v and 14?
14
Suppose 0*b - 302 = -2*b. Suppose 409 = 5*t - b. What is the greatest common factor of t and 16?
16
Let s(t) = 25*t**2 + t + 1. Let u be s(-1). Suppose -5*d = -3*q - 253, -q = -d + q + 52. What is the greatest common divisor of d and u?
25
Suppose 5*z - 181 = 3*z + 5*y, -5*y = -5. Calculate the highest common divisor of z and 31.
31
Let q be 0 + 4 - (0 + 1). Suppose z = -q*z + 3*s + 234, 0 = 2*z + 5*s - 130. Let o be 15 + 0*(-2)/(-6). What is the highest common divisor of o and z?
15
Suppose -2*c - c = 3*v - 678, -4*c + v = -929. What is the greatest common divisor of c and 33?
33
Let c be 31*5/(8 - 3). Calculate the greatest common factor of c and 248.
31
Let g = -11 - -12. Suppose -27 - g = -z. Calculate the highest common divisor of 70 and z.
14
Let u = 115 + -73. Let a be 294/(-28)*16/(-6). What is the greatest common factor of u and a?
14
Let k(g) = g**3 - 7*g**2 + 14*g - 9. Let d be k(5). Calculate the greatest common divisor of d and 55.
11
Let j(f) = 17*f - 4. Let z(v) = 17*v - 3. Let s(g) = 2*j(g) - 3*z(g). Let w = 88 - 90. Let l be s(w). Calculate the highest common factor of l and 14.
7
Suppose 0*u + 12 = -4*u. Let i be (-1)/(((-3)/(-5))/u). Suppose 0 = -o + 25. Calculate the greatest common divisor of o and i.
5
Suppose -2*t = -138 - 390. Suppose 2*b + 8 - 58 = s, -3*b + 2*s = -76. What is the highest common divisor of t and b?
24
Let t be ((-1)/(-2))/(4/1448). Let n = 285 - t. What is the greatest common factor of 26 and n?
26
Let i(g) = -g**3 + 8*g**2. Let z be i(8). Suppose z = -2*w + 6, -b + 3*w - 90 = -4*b. Let y be 9*(-1)/2*-2. Calculate the highest common factor of y and b.
9
Let c(x) = -x**2 - 7*x - 4. Let r be c(-6). Let g be (-3)/r - (-516)/8. What is the highest common divisor of g and 9?
9
Suppose 4*p - 2*s - 24 = 0, 4*s = -2*p + s + 20. What is the highest common divisor of p and 14?
7
Suppose -70 = -6*x - 10. Let v be (-2)/(-2) + 47 - -2. Calculate the greatest common factor of v and x.
10
Let f be 15/(-12) + 129/4. What is the highest common divisor of f and 217?
31
Suppose -3*p - 140 = -4*z - 4*p, -4*z = -5*p - 164. Let d(j) = -3*j - 9. Let w be d(-6). What is the highest common factor of w and z?
9
Let l = 49 - 43. What is the highest common divisor of 6 and l?
6
Let i be 98/3 + (-4)/6. Suppose i = 3*k + 5*a - a, 3*k - 33 = -3*a. What is the highest common factor of k and 48?
12
Suppose -o = -2, 2*v + 2 = -v - 2*o. Let j be (-1 - v)*98 + 1. What is the highest common divisor of 9 and j?
9
Suppose 3*s - 1 = 2*z, 4*s - 3 = z + 5. Let r(c) = c**3 - c**2. Let o be r(2). Let g be (o/(-3))/((-8)/12). Calculate the highest common divisor of z and g.
2
Suppose 0 = r + r - 2. Suppose 3*u = 5*q + u + 16, 0 = -5*q - 3*u - r. Let f be q + 2 + 0 + 4. Calculate the highest common factor of 4 and f.
4
Let a = 0 - -35. Suppose 28 = -4*v + 48. Calculate the greatest common factor of a and v.
5
Let d = 77 - 49. What is the highest common factor of d and 252?
28
Suppose 19 = 5*g - f, -2*g = -5*f - 0*f - 26. What is the highest common divisor of 21 and g?
3
Suppose 0 = -g + 4*g + 27. Let w = 11 + g. What is the highest common divisor of 10 and w?
2
Let k(z) be the first derivative of -z**4/4 - z**3/3 + 11*z + 3. Let f be k(0). Calculate the greatest common factor of 11 and f.
11
Let l be ((-66)/(-15))/(1/5). Let p = -13 + l. Let z = 16 - 7. Calculate the highest common divisor of z and p.
9
Let a be (4/(-6))/(3/(-9)). Suppose -m + 99 = -a*i, -m + 3*i + 23 + 76 = 0. What is the greatest common divisor of m and 11?
11
Let d(u) = -10*u**3 + u + 1. Let r be d(-1). Calculate the highest common divisor of 20 and r.
10
Suppose 0 = -3*b + b + 2*d + 4, -25 = -5*d. Suppose 5*c - 8 = -28. Let m = b - c. What is the greatest common divisor of m and 88?
11
Suppose 7 - 32 = m. Let r be 10/m - 14/(-10). Calculate the greatest common divisor of r and 11.
1
Suppose -w = 2*w - 18. Let a(i) = -i**3 + 7*i**2 - 4*i - 5. Let y be a(w). What is the highest common divisor of 7 and y?
7
Suppose -j - 4*n = -6, 4*n - 13 - 3 = 0. Suppose 3*y = y + 44. Let d = y + j. Calculate the greatest common divisor of d and 132.
12
Suppose -2*a - 18 = 3*x, 3*x + 2 = a - 7. Let o(f) = -143*f - 3. Let c be o(a). Let m be 1/3 - c/(-18). Calculate the highest common factor of 8 and m.
8
Let m be ((-15)/6)/((-2)/4). Let i = m - -13. What is the highest common factor of 2 and i?
2
Let z(s) = -s + 6. Let b be z(-6). Let j = -2 + b. Calculate the highest common factor of j and 50.
10
Let k = -50 + 62. Let o(h) = 24*h. Let b be o(4). What is the highest common divisor of k and b?
12
Suppose -v + 4 = -4. Let a(d) = d + 9. Let w be a(v). Suppose 3*p = h - 0*h - w, 2*p = -6. What is the greatest common factor of h and 20?
4
Let b be (-10)/15*6 + 16. Calculate the highest common divisor of b and 48.
12
Let i be (53/(-2))/((-5)/10). Suppose -5*j + 39 = t - i, -j + 34 = -5*t. Calculate the greatest common factor of 19 and j.
19
Suppose 0 = l + 2*h - 74, -4*l + 5*h = -l - 255. What is the highest common divisor of 16 and l?
16
Suppose 5*s + 1 + 14 = 0. Let q = s - -68. Calculate the highest common factor of q and 26.
13
Let k = 8 - 2. Suppose -j = -5 - k. Calculate the highest common divisor of 88 and j.
11
Let x be (-17)/2*(-1 - -9)/(-4). What is the greatest common factor of 85 and x?
17
Suppose -5*s - 5*c + 955 = 0, -s + 192 = -0*c + 2*c. What is the highest common factor of 10 and s?
10
Suppose -5*s + 29 = -116. Suppose -2*i + s - 1 = 0. Calculate the highest common divisor of i and 112.
14
Suppose -102 = -4*b + 154. Let v = 22 - b. Let t be ((-8)/(-6))/((-4)/v). What is the greatest common divisor of t and 21?
7
Let k(b) = -b**2 +